33 - -58) - -32 - (2 - 0 - 133).
130
What is the value of 16 + (68 - 84) + 3 + 0 + 2?
5
Calculate 81 + -67 - 0 - 50.
-36
(-13 - (-21 + (4 - ((0 - -6) + 1)))) + 69
80
(0 - 1) + (-24 - (-57 + -3 + 7 - -4))
24
(-3 - -14) + 81 + -29 + 27 + -18
72
Evaluate 18 + -13 + (6 + 9 - 69) + 2 + 0.
-47
(1 - (-68 + 23) - 22) + -16
8
What is the value of -41 - (8 - -3 - (170 + -140))?
-22
Calculate 9 + (161 + -179 - (-1 + -73)).
65
What is the value of 18 + 3 + (-4 - -2) + (-46427 - -46370)?
-38
Calculate -52 - (-238 + 199 + (0 - -77)).
-90
What is (1 - 35) + (99 - (100 - 2))?
-33
(3 - 25 - (24 + 4 - 10)) + 0 + -5
-45
Calculate -1 - 43 - (628 - 677).
5
What is the value of (89 - (-28 - (3 - -2))) + -11?
111
Calculate -12 + 2 + (0 - 8) + -2425 + 2404.
-39
Calculate (18 + -19 - -5) + -28 - (9 + (2 - 2)).
-33
Calculate (198 + -146 - (-5 + 2 - 4)) + -18.
41
Calculate -4 + -40 + (-509 - -551).
-2
Evaluate -21 + (27 - -1) + (-358 - -299).
-52
What is (49 + 0 - (750 + -701)) + 13 + 1?
14
What is the value of 7050 - 6978 - (-2 + 38)?
36
-2 + 2 - -9 - -1 - (-12 - (-58 - -93))
57
Evaluate -28 - (4 - (4 - (-5 + 11 - 20 - -22))).
-36
Calculate 18 + -12 + -2 - (32 + -5).
-23
Evaluate (-278 - -335) + (1 - 5) - 4.
49
(112 - -1) + (-1 - -2 - ((-6 - 16) + 30))
106
Calculate 118 + -101 + 24 + -96.
-55
0 + 127 - ((33 - (-2 + 2)) + -7689 + 7668)
115
Calculate (23 - 115) + 60 - (24 - 1).
-55
What is 124 + (-3735 - -3776 - (23 - 0))?
142
Evaluate -37 + (-3 - 4) + -16 + 18 + 4 + -3.
-41
What is the value of (1 - 30) + (-1189 + 1137 - (-1 + -64))?
-16
What is 57 - (112 + (20 - 15))?
-60
218 + -232 - (-2 - -4 - 3 - -1)
-14
Evaluate -9 + (2 + 6 - 1) + 14 - 75.
-63
What is the value of -10 + (6 + -6 + 4 - -6) - 24?
-24
What is (-74 - -99) + -10 + -3?
12
Evaluate -1 + 69 - (10 - (0 + (22 - 14) - -5)).
71
Evaluate 0 - (24 + (-5 - 8) + 12) - -6.
-17
Calculate -14 + (17 - 15) + (25 - 9).
4
Evaluate -5 - (2 + -3 + -24 - -32).
-12
Evaluate 53 + (11 - 4 - (2 - -1)).
57
Calculate (-3 - (-7 + 16 + -6)) + 11 + -44 + 7.
-32
What is the value of -29 + (-56 - -122) - (-2 - -4 - -1)?
34
Evaluate (32 - 11) + (-16 - (13 + -8)) + -31.
-31
What is (-13 - 4) + -10 + 18 + -60 + -11?
-80
What is (0 - -8 - -12) + (-14 - 21) + 59?
44
What is the value of (174 - 179) + (-8 + 4 + 32 - -2)?
25
(11 - -16) + -15 + (-47 - 1)
-36
What is (11037 - 11112) + (1 - -138)?
64
What is the value of -660 + 613 - (2 + -51)?
2
(3 + 6 - -5) + -27 + -11 + 1
-23
Evaluate -35 - ((84 - 49) + -67).
-3
(103 - (365 + -62)) + 143
-57
What is 11 + 48 + -38 + -43?
-22
What is the value of 110 + -36 - 45 - (-3 - (1 - 1))?
32
Calculate -40 - -40 - ((5 - (4 - 4)) + 11) - -2.
-14
(-12 - -5) + 48 - ((-4 - -11) + -25)
59
-51 + (-137 + 5 - -196)
13
What is -2 + 8 + (94 - 84) + -9 + 4?
11
Evaluate (-195 - -176) + -2 + 38.
17
112 - 86 - (28 + -9)
7
18 - ((51 - 20) + 17)
-30
What is (41 - 43) + -1 + 72 + 17?
86
-17 + (-14 - -10) + 7 + 17 + -17
-14
Evaluate -80 + 119 + 29 - 77.
-9
-5 - 25 - (-22 - 21 - 99)
112
Evaluate -67 + 203 + -59 + -42.
35
Calculate 1 - (22 - (29 + 5 - 37)).
-24
What is the value of -21 + (3 - -1) + -2 + -20 + 38 + -26?
-27
What is the value of 16 - -28 - (-540 + 484)?
100
Evaluate -49 - -49 - ((1 - 4) + -32).
35
What is -864 + 860 + -11 + 7 + (-2 - -2 - -5)?
-3
What is the value of 23 + (-25 - -1 - -4) - 21?
-18
-38 + -14 + -38 + 51
-39
What is -18 + 15 + -22 + 118 + -5?
88
What is the value of -8 + (-12 + (3 - (50 - -14)) - -7)?
-74
Evaluate (-30 - -23) + 11 - (-4 + -16).
24
31 + -19 - (-18 + 12 + -22)
40
Calculate 796 + -850 - ((-1 - -4) + 5).
-62
Calculate -273 + (-114 - -198) - -143.
-46
What is 43 + (-24 - ((-25 - -6) + 12))?
26
What is the value of (39 - 0 - (-1 - -1)) + (-329 - (0 + -329))?
39
What is 2 - 12 - (-17 + -8 + (-28 - (-5 - -3)))?
41
(6 - 6) + (-71 - -148) + 3
80
What is ((6 - -11) + -4 - (21 - 6)) + -6?
-8
(-43 - -16) + (-97 - -88)
-36
2 + 38 - (-29 - (-35 + -22 + 17))
29
What is 4 - ((-1 - 0) + -11 + -1 + 7 + 63)?
-53
What is 1 - (6 + 4 + -56)?
47
Calculate (50571 - 50519) + (2 - (1 - 11)).
64
What is (-29 + 10 - -8) + 4 - (28 + (0 - 2))?
-33
-5 - (5 - (10 + -16 - -3)) - 12
-25
Calculate 80 + (-133 - -42 - -89).
78
What is 49 + 8 + (-44 - (43 - 86))?
56
Evaluate -34 + 4 - (64 + -110) - -61.
77
10 + (-1 - -2) + (-110 - -111) + 15
27
-31 + (57 - 68) - -27
-15
-2 + (-9 + 11 - -10) - 20 - -11
1
What is the value of 5 - ((-53 + 50 - (12 - 4)) + 22)?
-6
Evaluate -21 - (-140 - -146 - (-2 - -54)).
25
What is (31 - (-24 - -36)) + -8?
11
Calculate 197 + -195 + 23 + 1.
26
Evaluate -1 + -37 - (6 + 6 + 35).
-85
Calculate (-4 - 78) + 11 + 13 + 10.
-48
Calculate 1 + 7 + (-115 - (10 + -34)) + (-6 - -16).
-73
Calculate (-14 + -8 - (29 + -107)) + 17 + -5.
68
What is the value of 17 + 2 + -4 + (3 + 56 - 84)?
-10
What is -7 + -6 + 1130 + -1245?
-128
What is the value of (-71 - -1) + -226 + (142 - -41)?
-113
Evaluate (30 - 54) + 48 - (-106 - (13 - 10)).
133
Evaluate -55 - (8 + 22 + -134).
49
Calculate (1 + 2 - (12 + -4)) + -7.
-12
52 + (2 + -9 - (55 + -35 - 10))
35
What is the value of -16 + (3 + 16 + -32 - -14 - -10)?
-5
What is 11 - ((-3 - (-2 - 5)) + -4 + (-5 - -12))?
4
Calculate 59 + -68 + (8 - -45).
44
Evaluate (-1 - (-3 + 3) - -1 - -55) + -182 + 172.
45
Calculate (-3 - (-4 + -57)) + -136 + 198 + -41.
79
What is the value of -9 + 2 + -3 - (-15 + 58 + (5 - 4))?
-54
-477 + 536 - (117 - -3)
-61
-50 + (75 - (93 - 35))
-33
What is the value of ((-60 - -4) + 27 - -29) + 67?
67
Evaluate -14 + -3 + 15 + (4 - 3) + 0 + 59.
58
Calculate 1781 - 1827 - (-74 + -1).
29
Evaluate (4 - (20 - 10 - -9)) + -59.
-74
Calculate -11 + 11 + 19 + -32 - (0 + (6 - 2)).
-17
Calculate 4 - (0 - 92 - (-5 + 0)) - (894 + -882).
79
(7 - -4) + ((-86 - -125) + -33 - (0 + -4))
21
Evaluate 90 + 53 + 19 + -54 + -33.
75
What is the value of 1 + 8 + (19 + -18 + -21 - -5)?
-6
38 + 120 - 87 - 69
2
Evaluate -1 + (-42 - (-1 - 33)).
-9
Evaluate -15 + (92 + -4 + (-3 - -6) - -13) + -6.
83
147 + (-62 - -27) + -110
2
What is the value of 3 + (22 - 15) + 43 - 6?
47
What is (185 - 102) + (-3 - 107)?
-27
What is the value of 105 - (0 + 0 - 0) - (-100 - (138 - 250))?
93
What is (2 - -7) + 1 - (18 - (22 + -32 + 20))?
2
Evaluate (-3 - -9 - ((5 - 8) + 88)) + (-208 - -202).
-85
Calculate (2 - 131) + 12565 + -12554.
-118
What is the value of 11 + (7 - (-13 - (-6 + (5 - (-4 + 12)))))?
22
What is the value of -4 - 11 - (427 - 415)?
-27
What is 2 - 6 - (-17 + 27) - (0 + 7)?
-21
What is the value of -23 - (44 + -2 - 78)?
13
Evaluate -3 + 10 + 4 - (-90 + 36).
65
Calculate (224 - 233 - (-1 + 3)) + (5 - 12).
-18
-45 - (-28 + (-64 - -36))
11
What is the value of (50 - -7) + (11 - 116)?
-48
Calculate (6 - 28) + 4 + (11 - (17 + -5)).
-19
74 - (-5 + -12 + (7 - (-14 - -8)))
78
7 + -20 + -33 + -12 + -1 + -1
-60
What is -19 + 1 + (6 - 19 - -13 - -5) - -12?
-1
Evaluate (-18 - -3 - -79) + 27 - 12.
79
Calculate 9 + 6 + (417 - 417).
15
Calculate (15 - ((-4 - 11) + 20) - (-12 + 160)) + 15.
-123
Calculate -57 - -12 - -57 - (-17 - (7 - 7)).
29
What is the value of 10 - -1 - (6 - 19 - (36 + -11))?
49
Calculate 102 + (37 - 30 - 47).
62
Evaluate (-1 + 1 - (-14 + -2 + (-4 - -11))) + 11.
20
What is the value of (-119 - -10) + (6 - 6 - -1 - (-15 - -28))?
-121
What is (54 - 62) + 27 + -57 + -2?
-40
-47 + 68 + 19 + -42
-2
What is the value of -14 - (-16 + (-3 - -11) + -6 + 6)?
-6
Calculate 11 + (-41 + 11 - -19) + -27.
-27
Calculate -10 + 14 + 8 + (-30 - (-1 + -20)) + 5.
8
-9 + 7 + (86 - 36) + -2
46
Calculate -47 - (-86 + -24 + -31).
94
Evaluate (-2 - -35) + -1043 + 1065.
55
8 + -2 + 4 + 33 + (13 - 25) + 11
42
What is -78 + 1 + -42 + 74?
-45
Calculate -6 + 11 + 0 - -3 - (-78 + 69).
17
What is (-1 - -2) + -2 - -10 - (-163 + -72 + 196)?
48
Calculate 23 + 4 + 5 - (-30 + 2).
60
What is the value of -5 + -2 - (3 + 0 + (5 + 42 - 10))?
-47
Evaluate -1451 + 1461 - (-23 + (1 - 2) + -7 + 7).
34
Evaluate 9 + (-3 - -42 - 16 - 2).
30
What is the value of (-32 - (-11 + 7 + (-4 - -23) - 7)) + -2?
-42
Calculate -4 + (-33 - -8) - -24 - 50.
-55
What is -25 + (-56 - -136) - 42 - (1 + -16 - 0)?
28
Evaluate (-9 + 25 - (0 + 108) - -1) + -12.
-103
What is the value of -62 + (-26 + 29 - -30) + (-17 - 2)?
-48
Evaluate (13 - (10 - (19 + -1 + -34))) + (56 - 0).
43
Calculate (-20 + 39 + -19 + 14 - 7) + 75.
82
-73 - (6 - (70 - -81))
7